+ 2*s = 50, c = -4*s + 23 - 3. What are the prime factors of m?
2
Suppose -3*z + 15 = 3*h, 0*h = 2*h - z - 10. Let a(s) = -s**2 + 9*s - 7. List the prime factors of a(h).
13
Suppose -r + 7 = 2*r - b, -4*r - 4*b + 36 = 0. Suppose -5*d + 2*j - j = -24, r*d - 8 = -2*j. Suppose -8 = -3*i + d. List the prime factors of i.
2
Let w = 12 - 15. List the prime factors of 33 + w + 3 + 3.
2, 3
Let j(s) = s**2 + 6*s + 4. What are the prime factors of j(-11)?
59
Let r(p) = -p**3 + 5*p**2 + 2*p + 6. Let i be r(5). Let d = 25 - i. What are the prime factors of d?
3
Let q(w) = w**3 + 20*w**2 - 3*w - 13. What are the prime factors of q(-20)?
47
List the prime factors of (40/(-4) - -5) + 41.
2, 3
Let t(o) = 5*o - 7. Let k(v) = -6*v + 8. Let b(w) = 4*k(w) + 5*t(w). Let a be b(3). Suppose -3*l + 53 = -4*r, 4*l = 3*r + 59 - a. List the prime factors of l.
11
Let d(c) = c - 3. Let y be d(5). Suppose -h = -3*b - y, b + 3 = 1. List the prime factors of (24/h)/((-2)/2).
2, 3
Suppose -2*m = m - 15. What are the prime factors of m?
5
Suppose -4*y + o = -7*y + 11, -5*o - 20 = 0. Let c = y - 3. List the prime factors of -1 - (32 - c)/(-3).
3
Let w be 88/14 + (-8)/28. Suppose 4*p + 4 = w*p. What are the prime factors of p?
2
Let s(a) = -a**3 - a**2 + 3*a + 3. Let y be s(-2). Suppose -4*u + y = -5*k - 98, -5*k = -5. List the prime factors of u.
2, 13
Suppose 5*z = 4*m + 81, 2*z = 3*m + 39 - 1. List the prime factors of z.
13
Let c = 78 - 4. Suppose 4*m - c = 2*u - 4*u, 0 = -4*u - m + 169. What are the prime factors of u?
43
Let r(b) = -23*b - 27. Let p(y) = -8*y - 9. Let u(v) = -17*p(v) + 6*r(v). Let q be u(-6). Suppose -5*s = 2*m - s - 28, -q*s = -12. List the prime factors of m.
2, 3
Suppose 10*h - 5*h = 0. Suppose -3*y - 2*y + 40 = h. List the prime factors of y.
2
Suppose 3*n + 13 = -20. What are the prime factors of (n/2)/(1/(-2))?
11
Let y(k) = -k**2 + 11*k - 6. Let j be y(10). Let r = 1 - -5. Suppose -j*p + r = -p. List the prime factors of p.
2
Suppose -2*i = 5 + 7. Let n be 2*(-3)/i + -7. What are the prime factors of (-1 - 3/n)*-28?
2, 7
Suppose -2*u + 3*j - 11 = 0, 13 = 3*u - 5*u + j. Suppose 22 + 42 = 4*d. Let n = u + d. What are the prime factors of n?
3
Suppose -3*i + 31 + 47 = 0. Suppose 2*h = 2*o - i, -7*h = 4*o - 2*h - 52. What are the prime factors of o?
13
Let b be 1/(-1) + (-4)/(-1). Let y(w) = 2*w**3 - 2*w - 3. Let n be y(b). Suppose -m + n = 4*m. List the prime factors of m.
3
Suppose -4*u = -2*g + 72, 4*u + 102 = -g + 4*g. Let p = 21 + -13. Let b = g - p. What are the prime factors of b?
2, 11
Suppose 5*h - 3*g = 5, -27 + 2 = -5*g. Suppose -3*q + 3*m = 5*m - 2, -m - h = -q. Let b = 6 - q. List the prime factors of b.
2
Let v(o) = o - 6. Let b be v(0). Let u be (-1)/(-3) + (-10)/b. Suppose 3*y + 1 = -5*j, j = -y + u + 1. What are the prime factors of y?
2
Suppose 5 = 5*c - 20. Suppose -13 = -c*m + 12. Suppose 3*j + 80 = m*y, 4*j = 8*j. List the prime factors of y.
2
Let n(y) = -y**3 - 10*y**2 + 6*y + 8. What are the prime factors of n(-11)?
3, 7
Let c = 29 - 51. Let d = 37 + c. List the prime factors of d.
3, 5
Let d(l) = l**3 + 11*l**2 - 32*l. List the prime factors of d(-13).
2, 3, 13
Let b(l) = l. Let i(y) = -5*y - 1. Let r(u) = 6*b(u) + i(u). Let h be r(-1). What are the prime factors of h/(-8) - (-102)/8?
13
Let x(c) = -c**3 - 6*c**2 + 7*c. Let w be x(-7). Suppose w = -3*h + 21 + 12. List the prime factors of h.
11
Let z(y) = -y + 16. List the prime factors of z(5).
11
Let u(v) = -v**3 - 1. Suppose 0 = 4*c - 2*h + 6, -c + 4*h = 4*c + 9. Let k be u(c). Let d = 14 - k. List the prime factors of d.
2, 7
Let w(f) = f**3 + 15*f**2 + 3*f + 11. List the prime factors of w(-14).
3, 5, 11
What are the prime factors of 1*7*(4 + -3)?
7
Suppose 3*s + 3*y - 47 = y, 0 = -3*y + 12. Let q be (27/6)/(2/(-4)). Let r = q + s. List the prime factors of r.
2
Suppose 120 = 2*g + 3*g. Suppose 0 = 10*n - 4*n - g. What are the prime factors of n?
2
Let s = 6 - 4. Let k(u) = 2*u**s + 4 - u**2 - 2. What are the prime factors of k(-3)?
11
Let z = 7 - 1. List the prime factors of (-4)/3*z/(-4).
2
Let z(t) = -t**2 + 16*t - 12. What are the prime factors of z(8)?
2, 13
Let v be ((-6)/4)/(6/(-8)). Suppose -u = -v*j + 5, -4*j + 7 + 8 = -u. What are the prime factors of j?
5
Let u = 3 - -10. Suppose u = w - 5. What are the prime factors of w?
2, 3
Let o(w) = -17*w + 6. Let t be o(-5). Let h = 55 + -53. Suppose -3*r + 4 = j + h*r, 4*j - 5*r = t. List the prime factors of j.
19
Let s be (2 - 4)/((-2)/(-3)). What are the prime factors of (-1)/s - (-496)/24?
3, 7
Let p(l) be the first derivative of -l**5/20 - l**4/6 + l**3/3 + 2*l + 1. Let t(k) be the first derivative of p(k). What are the prime factors of t(-3)?
3
Let g(w) = 10*w + 40. What are the prime factors of g(10)?
2, 5, 7
Let a = 31 - -41. List the prime factors of a.
2, 3
Let u be (2 + -1)/(3/12). Suppose u*k - 4*h - 48 = 0, 12 = k - 0*h + 2*h. What are the prime factors of k?
2, 3
Let r = -1 - -2. Suppose 1 = -2*s - r. List the prime factors of (2 + s)*30/3.
2, 5
Let g(t) be the first derivative of t**2 - 4*t - 1. What are the prime factors of g(6)?
2
Let g(u) = 7*u - 1. Let a(r) = r + 10. Let z be a(-6). List the prime factors of g(z).
3
Let j(c) be the second derivative of -c**3/6 + 19*c**2/2 - 3*c. What are the prime factors of j(9)?
2, 5
Let c be 2/(-1) + (-1 - -7). Suppose 5*i - 23 = k, 0 = -i + 2*k - 3*k + 1. Suppose c*b - 15 = i*o + 13, -o - 23 = -3*b. List the prime factors of b.
2
List the prime factors of 76/8*(6 - 4).
19
Let f be 45/((-6)/(-4)*1). Let v = -22 + f. List the prime factors of v.
2
Let u(g) = -6*g. Let y(r) = -13*r - 1. Let l(j) = 9*u(j) - 4*y(j). Suppose 3*p - 2 = -a + 2*p, 4*a - p + 17 = 0. What are the prime factors of l(a)?
2, 5
Let w = -145 + 207. What are the prime factors of w?
2, 31
Suppose -m - 2*o + 40 = -7*o, 0 = m + 5*o - 10. What are the prime factors of m?
5
Let m(n) = n**3 - 7*n**2 + 4*n - 3. Let y be m(6). Let k = 19 + y. What are the prime factors of k?
2
Let q be 1/(-2 + 3 - 2). Let x = q + 16. List the prime factors of x.
3, 5
Let m(k) = k**2 - 2*k - 11. List the prime factors of m(5).
2
Let i(s) = -5*s**3 - 27*s**2 - 28*s + 19. Let r(h) = -2*h**3 - 13*h**2 - 14*h + 10. Let x(g) = 3*i(g) - 7*r(g). List the prime factors of x(11).
2, 5
Suppose a - 65 - 3 = 0. List the prime factors of a.
2, 17
Let v(a) = 161*a**2 + 5*a + 3. List the prime factors of v(-1).
3, 53
Suppose -243 = -4*y - 5*x, 2*y + x + 139 = 4*y. What are the prime factors of y?
67
Suppose -4*w + 5*l - 17 = 0, -4*w - 6*l = -2*l + 8. List the prime factors of (-9)/6*10/w.
5
Let b be (-50)/(-3)*(-48)/(-20). Let f = b + -22. List the prime factors of f.
2, 3
Suppose -5*a = -0*a - 75. Let n = a - 24. What are the prime factors of (-6)/n - 34/(-3)?
2, 3
Let c(a) = 2*a**2 - 13*a + 8. List the prime factors of c(8).
2
Suppose -4*l = 2*t - 6, l + 0*t - t - 9 = 0. Suppose -4*d + 0*q = -2*q - 142, -3*d = l*q - 112. What are the prime factors of d?
2, 3
Let p(f) = -f**3 + f**2 + f - 1. Let o(k) = 3*k**3 - 2*k**2 - k + 5. Let n(i) = o(i) + 4*p(i). What are the prime factors of n(-2)?
11
Suppose 0 = q + 3*w - 113, w - 140 = -5*q + 439. List the prime factors of q.
2, 29
Let b(t) = 3*t**2 - 13*t + 12. Let d(u) = u**2 - 6*u + 6. Let r(o) = 4*b(o) - 9*d(o). Let k be r(4). Suppose -4*z + 10 + k = 0. List the prime factors of z.
3, 5
Suppose 4*x + 5 = -z, -4*x + 6 + 14 = -4*z. Let d(q) = -q**3 + q + 12. List the prime factors of d(x).
2, 3
Let x be (-3)/(-6)*(-2)/(-1). Let m = x + 1. What are the prime factors of -2 - (-14)/m*1?
5
Let t(g) = -10*g - 1. Let i be t(-1). Suppose -4*l = -25 - 47. Let w = l - i. List the prime factors of w.
3
Let r = -18 - -20. List the prime factors of r.
2
List the prime factors of ((-32)/7 - (-32)/56)*-106.
2, 53
Let w(f) = 3*f**2 + 0*f - 2*f**2 - 2 + 2*f + 0*f**2. Let n be w(-5). Suppose -m + n - 5 = 0. List the prime factors of m.
2
Suppose c = -4*u + 17 + 21, -2*c + 76 = 3*u. What are the prime factors of c?
2, 19
Suppose -w + 6 = w. Suppose 2*p = -1 + w. What are the prime factors of (2 - 3)*(-10)/p?
2, 5
Let t = 391 - 184. List the prime factors of t.
3, 23
Let h(b) = b**2 + b - 1. Let t be h(-3). Suppose 0*v - 25 = -5*m + 5*v, t = -m - v. Suppose s - 17 = -4*q, m*s = 5*s + 5*q - 40. List the prim